remainder when 80667 is divided by 9?
0
What is the remainder when 33264649 is divided by 2929?
2925
What is the remainder when 88603 is divided by 1066?
125
What is the remainder when 50316 is divided by 263?
83
Calculate the remainder when 3743679 is divided by 229.
216
What is the remainder when 909665 is divided by 22?
9
Calculate the remainder when 416763 is divided by 17363.
51
What is the remainder when 89038048 is divided by 127?
126
Calculate the remainder when 626208236 is divided by 2058.
2054
What is the remainder when 287489298 is divided by 25?
23
Calculate the remainder when 3873154 is divided by 291.
235
Calculate the remainder when 1844571 is divided by 156.
27
Calculate the remainder when 1556649 is divided by 1862.
17
What is the remainder when 266984873 is divided by 13?
12
What is the remainder when 118258287 is divided by 21?
0
Calculate the remainder when 458945 is divided by 343.
11
What is the remainder when 1958962 is divided by 119?
103
What is the remainder when 464845 is divided by 304?
29
Calculate the remainder when 3151021 is divided by 21.
13
What is the remainder when 103085 is divided by 7923?
86
Calculate the remainder when 187067 is divided by 866.
11
Calculate the remainder when 114833 is divided by 1337.
1188
Calculate the remainder when 436521 is divided by 1156.
709
What is the remainder when 11556191 is divided by 1650881?
24
What is the remainder when 3654718 is divided by 1715?
53
Calculate the remainder when 3634885 is divided by 908687.
137
What is the remainder when 630833 is divided by 45037?
315
Calculate the remainder when 710475 is divided by 230.
5
What is the remainder when 190969 is divided by 532?
513
Calculate the remainder when 7717307 is divided by 1655.
42
Calculate the remainder when 408431 is divided by 45381.
2
Calculate the remainder when 2893928 is divided by 964642.
2
What is the remainder when 128713 is divided by 64329?
55
What is the remainder when 5142 is divided by 4117?
1025
What is the remainder when 17955753 is divided by 522?
519
What is the remainder when 605409 is divided by 643?
346
Calculate the remainder when 513208 is divided by 1092.
1060
What is the remainder when 88754 is divided by 3675?
554
Calculate the remainder when 3787654 is divided by 28.
10
What is the remainder when 383452 is divided by 1498?
1462
Calculate the remainder when 476770 is divided by 2119.
2114
Calculate the remainder when 74286325 is divided by 5885.
5855
Calculate the remainder when 198493 is divided by 48955.
2673
Calculate the remainder when 37562120 is divided by 21.
8
Calculate the remainder when 4019786 is divided by 1339906.
68
What is the remainder when 448640 is divided by 64074?
122
What is the remainder when 1553373 is divided by 5027?
30
What is the remainder when 7130362 is divided by 8066?
18
Calculate the remainder when 417986308 is divided by 3065.
3063
Calculate the remainder when 184516 is divided by 8392.
8284
Calculate the remainder when 376101 is divided by 7.
5
Calculate the remainder when 361896838 is divided by 20.
18
What is the remainder when 9072456 is divided by 9072357?
99
Calculate the remainder when 247106 is divided by 35169.
923
What is the remainder when 74382 is divided by 24780?
42
What is the remainder when 571821 is divided by 201?
177
What is the remainder when 5464122 is divided by 566?
524
What is the remainder when 20549012 is divided by 4647?
4625
What is the remainder when 36516368 is divided by 1158?
1154
What is the remainder when 32804 is divided by 9577?
4073
What is the remainder when 640406 is divided by 640357?
49
What is the remainder when 5162599 is divided by 2234?
2059
Calculate the remainder when 83806676 is divided by 3660.
3656
Calculate the remainder when 24950 is divided by 2493.
20
Calculate the remainder when 6263 is divided by 10.
3
Calculate the remainder when 121894467 is divided by 97.
96
What is the remainder when 58280789 is divided by 21?
14
What is the remainder when 626792151 is divided by 11527?
11526
Calculate the remainder when 14181538 is divided by 31.
30
Calculate the remainder when 4500918 is divided by 250051.
0
What is the remainder when 1031879 is divided by 996?
23
What is the remainder when 1208226 is divided by 75513?
18
Calculate the remainder when 1890569294 is divided by 349.
347
What is the remainder when 37441279 is divided by 4189?
4186
Calculate the remainder when 12462750 is divided by 731.
662
What is the remainder when 1710160 is divided by 657?
646
What is the remainder when 5931761 is divided by 164?
45
What is the remainder when 150900 is divided by 3657?
963
Calculate the remainder when 90498 is divided by 10002.
480
What is the remainder when 9447614 is divided by 1691?
1688
What is the remainder when 616510 is divided by 102705?
280
Calculate the remainder when 204392 is divided by 11630.
6682
What is the remainder when 1792002 is divided by 77912?
26
Calculate the remainder when 2358856 is divided by 5361.
16
What is the remainder when 133509 is divided by 12137?
2
Calculate the remainder when 1171845 is divided by 227.
71
Calculate the remainder when 3372972 is divided by 37.
15
What is the remainder when 16487412 is divided by 657?
654
What is the remainder when 645669 is divided by 169?
89
What is the remainder when 17813200 is divided by 188?
12
Calculate the remainder when 239163 is divided by 116397.
6369
Calculate the remainder when 566636 is divided by 113327.
1
Calculate the remainder when 1002753 is divided by 769.
746
What is the remainder when 107468317 is divided by 49?
47
What is the remainder when 197238112 is divided by 42064?
16
What is the remainder when 209369 is divided by 163?
77
Calculate the remainder when 669222 is divided by 223.
222
Calculate the remainder when 10625073 is divided by 153.
141
Calculate the remainder when 2617558 is divided by 872504.
46
Calculate the remainder when 112178525 is divided by 1620.
5
What is the remainder when 56799885 is divided by 26?
25
Calculate the remainder when 965436 is divided by 214.
82
Calculate the remainder when 71836 is divided by 5783.
2440
What is the remainder when 1079641 is divided by 58?
29
Calculate the remainder when 53952 is divided by 26399.
1154
What is the remainder when 141726 is divided by 2906?
2238
Calculate the remainder when 70274 is divided by 11711.
8
What is the remainder when 3156086 is divided by 10?
6
Calculate the remainder when 1614142 is divided by 63.
19
Calculate the remainder when 2032162999 is divided by 17000.
16999
What is the remainder when 117019 is divided by 995?
604
Calculate the remainder when 4186701 is divided by 1973.
1968
Calculate the remainder when 7350451 is divided by 297.
295
What is the remainder when 80359708 is divided by 1202?
1200
What is the remainder when 521666 is divided by 28907?
1340
What is the remainder when 448991 is divided by 765?
701
Calculate the remainder when 239202 is divided by 626.
70
What is the remainder when 28330572 is divided by 77195?
7
Calculate the remainder when 1244865 is divided by 891.
138
What is the remainder when 1648767 is divided by 2518?
1995
What is the remainder when 12497 is divided by 805?
422
Calculate the remainder when 89712477 is divided by 28417.
8
Calculate the remainder when 54390 is divided by 5435.
40
Calculate the remainder when 52691401 is divided by 2236.
61
Calculate the remainder when 123895029 is divided by 6167.
6166
What is the remainder when 695494 is divided by 1088?
262
What is the remainder when 12806190 is divided by 3188?
3182
Calculate the remainder when 1781967 is divided by 869.
517
Calculate the remainder when 580904 is divided by 26403.
38
What is the remainder when 981034 is divided by 2575?
2534
Calculate the remainder when 76014 is divided by 3641.
3194
Calculate the remainder when 301527 is divided by 441.
324
What is the remainder when 1339162622 is divided by 4808?
4806
What is the remainder when 113517681 is divided by 113517673?
8
What is the remainder when 4823948 is divided by 1205987?
0
What is the remainder when 15370878 is divided by 77?
61
Calculate the remainder when 31372187 is divided by 6274436.
7
Calculate the remainder when 320940 is divided by 20058.
12
Calculate the remainder